{"id":314,"date":"2019-03-13T15:54:29","date_gmt":"2019-03-13T14:54:29","guid":{"rendered":"https:\/\/localhost\/WP\/?page_id=314"},"modified":"2025-04-21T13:51:54","modified_gmt":"2025-04-21T11:51:54","slug":"aktivitas","status":"publish","type":"page","link":"https:\/\/www.paulus-mainz.de\/?page_id=314","title":{"rendered":"Aktivitas"},"content":{"rendered":"\n<p>Eine Verbindung gliedert sich in studierende und ehemals studierende, zumeist schon berufst\u00e4tige Mitglieder. Die Gesamtheit der studierenden Mitglieder bezeichnet man als \u201eAktivitas\u201c. Ihre Entscheidungen werden demokratisch, das hei\u00dft nach dem Mehrheitsprinzip, in Conventen getroffen. Sie w\u00e4hlen dort in jedem Semester einen Vorstand (Chargia genannt), der sich in unserer S\u00e4ngerschaft aus drei Chargierten zusammensetzt und den Fuxmajor, der f\u00fcr die Neulinge (F\u00fcxe) verantwortlich ist. Nachdem man die sogenannte Fuxenzeit durchlaufen hat, die in der Regel zwei bis drei Semester dauert, wird man Bursche. Unter den Burschen finden sich aktive und inaktive Burschen. Die Inaktiven haben oft schon einige Semester \u201eauf dem Buckel\u201c \u2013 in der Regel sind es mehr als sechs \u2013 und z\u00e4hlen zu den erfahrenen, kurz vor ihrem Studienabschluss stehenden Bundesbr\u00fcdern. <br>Zu Beginn des Sommersemesters 2025 umfasst die Aktivitas sieben aktive F\u00fcxe, vier aktive sowie acht inaktiven Burschen. Damit ist der aktive Teil der Verbindung gut aufgestellt.<\/p>\n\n\n\n<p><\/p>\n","protected":false},"excerpt":{"rendered":"<p>Eine Verbindung gliedert sich in studierende und ehemals studierende, zumeist schon berufst\u00e4tige Mitglieder. Die Gesamtheit der studierenden Mitglieder bezeichnet man als \u201eAktivitas\u201c. Ihre Entscheidungen werden demokratisch, das hei\u00dft nach dem Mehrheitsprinzip, in Conventen getroffen. Sie w\u00e4hlen dort in jedem Semester einen Vorstand (Chargia genannt), der sich in unserer S\u00e4ngerschaft aus drei Chargierten zusammensetzt und den&hellip;&nbsp;<a href=\"https:\/\/www.paulus-mainz.de\/?page_id=314\" rel=\"bookmark\">Weiterlesen &raquo;<span class=\"screen-reader-text\">Aktivitas<\/span><\/a><\/p>\n","protected":false},"author":1,"featured_media":0,"parent":0,"menu_order":0,"comment_status":"closed","ping_status":"closed","template":"","meta":{"neve_meta_sidebar":"","neve_meta_container":"","neve_meta_enable_content_width":"off","neve_meta_content_width":0,"neve_meta_title_alignment":"","neve_meta_author_avatar":"","neve_post_elements_order":"","neve_meta_disable_header":"","neve_meta_disable_footer":"","neve_meta_disable_title":"","footnotes":""},"class_list":["post-314","page","type-page","status-publish","hentry"],"_links":{"self":[{"href":"https:\/\/www.paulus-mainz.de\/index.php?rest_route=\/wp\/v2\/pages\/314","targetHints":{"allow":["GET"]}}],"collection":[{"href":"https:\/\/www.paulus-mainz.de\/index.php?rest_route=\/wp\/v2\/pages"}],"about":[{"href":"https:\/\/www.paulus-mainz.de\/index.php?rest_route=\/wp\/v2\/types\/page"}],"author":[{"embeddable":true,"href":"https:\/\/www.paulus-mainz.de\/index.php?rest_route=\/wp\/v2\/users\/1"}],"replies":[{"embeddable":true,"href":"https:\/\/www.paulus-mainz.de\/index.php?rest_route=%2Fwp%2Fv2%2Fcomments&post=314"}],"version-history":[{"count":8,"href":"https:\/\/www.paulus-mainz.de\/index.php?rest_route=\/wp\/v2\/pages\/314\/revisions"}],"predecessor-version":[{"id":528,"href":"https:\/\/www.paulus-mainz.de\/index.php?rest_route=\/wp\/v2\/pages\/314\/revisions\/528"}],"wp:attachment":[{"href":"https:\/\/www.paulus-mainz.de\/index.php?rest_route=%2Fwp%2Fv2%2Fmedia&parent=314"}],"curies":[{"name":"wp","href":"https:\/\/api.w.org\/{rel}","templated":true}]}}